{"id":10542,"date":"2020-06-23T10:20:06","date_gmt":"2020-06-23T13:20:06","guid":{"rendered":"https:\/\/impresionycopiado.com.uy\/compras\/?post_type=product&#038;p=10542"},"modified":"2020-06-23T10:23:51","modified_gmt":"2020-06-23T13:23:51","slug":"remeras-para-el-dia-del-padre-soy-tu-padre-soy-tu-hijo","status":"publish","type":"product","link":"https:\/\/impresionycopiado.com.uy\/compras\/producto\/remeras-para-el-dia-del-padre-soy-tu-padre-soy-tu-hijo\/","title":{"rendered":"Remeras para el d\u00eda del padre soy tu padre soy tu hijo"},"content":{"rendered":"<p>Promoci\u00f3n las 2 remeras!!<\/p>\n<p>El color de remera que desees incluye la remera del padre y ni\u00f1o o ni\u00f1a.<\/p>\n<p>&nbsp;<\/p>\n","protected":false},"excerpt":{"rendered":"<p>Promoci\u00f3n las 2 remeras!! El color de remera que desees incluye la remera del padre y ni\u00f1o o ni\u00f1a. &nbsp;<\/p>\n","protected":false},"featured_media":10543,"template":"","meta":{"_joinchat":[],"jetpack_publicize_message":"","jetpack_publicize_feature_enabled":true,"jetpack_social_post_already_shared":false,"jetpack_social_options":{"image_generator_settings":{"template":"highway","default_image_id":0,"font":"","enabled":false},"version":2}},"product_brand":[],"product_cat":[21],"product_tag":[76,163,85,86,74,92],"class_list":{"0":"post-10542","1":"product","2":"type-product","3":"status-publish","4":"has-post-thumbnail","6":"product_cat-remeras-predisenadas","7":"product_tag-algodon","8":"product_tag-dia-del-padre","9":"product_tag-remera-estampada","10":"product_tag-remera-personalizada","11":"product_tag-remeras-disenadas","12":"product_tag-vinilo","13":"sales-flash-overlay","14":"woocommerce-text-align-center","15":"woocommerce-image-align-center","16":"do-quantity-buttons","18":"first","19":"instock","20":"sale","21":"taxable","22":"shipping-taxable","23":"purchasable","24":"product-type-simple"},"yoast_head":"<!-- This site is optimized with the Yoast SEO plugin v27.3 - https:\/\/yoast.com\/product\/yoast-seo-wordpress\/ -->\n<title>Remeras para el d\u00eda del padre soy tu padre soy tu hijo - Impresi\u00f3n y Copiado<\/title>\n<meta name=\"description\" content=\"El color de remera que desees incluye la remera del padre y ni\u00f1o o ni\u00f1a. compra ahora! env\u00edos por Agencia a todo el pa\u00eds.\" \/>\n<meta name=\"robots\" content=\"noindex, follow, max-snippet:-1, max-image-preview:large, max-video-preview:-1\" \/>\n<meta property=\"og:locale\" content=\"es_ES\" \/>\n<meta property=\"og:type\" content=\"article\" \/>\n<meta property=\"og:title\" content=\"Remeras para el d\u00eda del padre soy tu padre soy tu hijo - Impresi\u00f3n y Copiado\" \/>\n<meta property=\"og:description\" content=\"El color de remera que desees incluye la remera del padre y ni\u00f1o o ni\u00f1a. compra ahora! env\u00edos por Agencia a todo el pa\u00eds.\" \/>\n<meta property=\"og:url\" content=\"https:\/\/impresionycopiado.com.uy\/compras\/producto\/remeras-para-el-dia-del-padre-soy-tu-padre-soy-tu-hijo\/\" \/>\n<meta property=\"og:site_name\" content=\"Impresi\u00f3n y Copiado\" \/>\n<meta property=\"article:publisher\" content=\"https:\/\/www.facebook.com\/estampadouy\/\" \/>\n<meta property=\"article:modified_time\" content=\"2020-06-23T13:23:51+00:00\" \/>\n<meta property=\"og:image\" content=\"https:\/\/impresionycopiado.com.uy\/compras\/wp-content\/uploads\/soy-tu-hijo-soy-tu-padre-star-wars-1200x800.png\" \/>\n\t<meta property=\"og:image:width\" content=\"1200\" \/>\n\t<meta property=\"og:image:height\" content=\"800\" \/>\n\t<meta property=\"og:image:type\" content=\"image\/png\" \/>\n<meta name=\"twitter:card\" content=\"summary_large_image\" \/>\n<meta name=\"twitter:site\" content=\"@estampadoUY\" \/>\n<script type=\"application\/ld+json\" class=\"yoast-schema-graph\">{\"@context\":\"https:\\\/\\\/schema.org\",\"@graph\":[{\"@type\":\"WebPage\",\"@id\":\"https:\\\/\\\/impresionycopiado.com.uy\\\/compras\\\/producto\\\/remeras-para-el-dia-del-padre-soy-tu-padre-soy-tu-hijo\\\/\",\"url\":\"https:\\\/\\\/impresionycopiado.com.uy\\\/compras\\\/producto\\\/remeras-para-el-dia-del-padre-soy-tu-padre-soy-tu-hijo\\\/\",\"name\":\"Remeras para el d\u00eda del padre soy tu padre soy tu hijo - Impresi\u00f3n y Copiado\",\"isPartOf\":{\"@id\":\"https:\\\/\\\/impresionycopiado.com.uy\\\/compras\\\/#website\"},\"primaryImageOfPage\":{\"@id\":\"https:\\\/\\\/impresionycopiado.com.uy\\\/compras\\\/producto\\\/remeras-para-el-dia-del-padre-soy-tu-padre-soy-tu-hijo\\\/#primaryimage\"},\"image\":{\"@id\":\"https:\\\/\\\/impresionycopiado.com.uy\\\/compras\\\/producto\\\/remeras-para-el-dia-del-padre-soy-tu-padre-soy-tu-hijo\\\/#primaryimage\"},\"thumbnailUrl\":\"https:\\\/\\\/i0.wp.com\\\/impresionycopiado.com.uy\\\/compras\\\/wp-content\\\/uploads\\\/soy-tu-hijo-soy-tu-padre-star-wars.png?fit=1920%2C1280&ssl=1\",\"datePublished\":\"2020-06-23T13:20:06+00:00\",\"dateModified\":\"2020-06-23T13:23:51+00:00\",\"description\":\"El color de remera que desees incluye la remera del padre y ni\u00f1o o ni\u00f1a. compra ahora! env\u00edos por Agencia a todo el pa\u00eds.\",\"breadcrumb\":{\"@id\":\"https:\\\/\\\/impresionycopiado.com.uy\\\/compras\\\/producto\\\/remeras-para-el-dia-del-padre-soy-tu-padre-soy-tu-hijo\\\/#breadcrumb\"},\"inLanguage\":\"es\",\"potentialAction\":[{\"@type\":\"ReadAction\",\"target\":[\"https:\\\/\\\/impresionycopiado.com.uy\\\/compras\\\/producto\\\/remeras-para-el-dia-del-padre-soy-tu-padre-soy-tu-hijo\\\/\"]}]},{\"@type\":\"ImageObject\",\"inLanguage\":\"es\",\"@id\":\"https:\\\/\\\/impresionycopiado.com.uy\\\/compras\\\/producto\\\/remeras-para-el-dia-del-padre-soy-tu-padre-soy-tu-hijo\\\/#primaryimage\",\"url\":\"https:\\\/\\\/i0.wp.com\\\/impresionycopiado.com.uy\\\/compras\\\/wp-content\\\/uploads\\\/soy-tu-hijo-soy-tu-padre-star-wars.png?fit=1920%2C1280&ssl=1\",\"contentUrl\":\"https:\\\/\\\/i0.wp.com\\\/impresionycopiado.com.uy\\\/compras\\\/wp-content\\\/uploads\\\/soy-tu-hijo-soy-tu-padre-star-wars.png?fit=1920%2C1280&ssl=1\",\"width\":1920,\"height\":1280,\"caption\":\"soy tu hijo soy tu padre star wars\"},{\"@type\":\"BreadcrumbList\",\"@id\":\"https:\\\/\\\/impresionycopiado.com.uy\\\/compras\\\/producto\\\/remeras-para-el-dia-del-padre-soy-tu-padre-soy-tu-hijo\\\/#breadcrumb\",\"itemListElement\":[{\"@type\":\"ListItem\",\"position\":1,\"name\":\"Portada\",\"item\":\"https:\\\/\\\/impresionycopiado.com.uy\\\/compras\\\/\"},{\"@type\":\"ListItem\",\"position\":2,\"name\":\"Bienvenido\",\"item\":\"https:\\\/\\\/impresionycopiado.com.uy\\\/compras\\\/\"},{\"@type\":\"ListItem\",\"position\":3,\"name\":\"Remeras para el d\u00eda del padre soy tu padre soy tu hijo\"}]},{\"@type\":\"WebSite\",\"@id\":\"https:\\\/\\\/impresionycopiado.com.uy\\\/compras\\\/#website\",\"url\":\"https:\\\/\\\/impresionycopiado.com.uy\\\/compras\\\/\",\"name\":\"Impresi\u00f3n y Copiado\",\"description\":\"Productos personalizados en Uruguay\",\"publisher\":{\"@id\":\"https:\\\/\\\/impresionycopiado.com.uy\\\/compras\\\/#organization\"},\"potentialAction\":[{\"@type\":\"SearchAction\",\"target\":{\"@type\":\"EntryPoint\",\"urlTemplate\":\"https:\\\/\\\/impresionycopiado.com.uy\\\/compras\\\/?s={search_term_string}\"},\"query-input\":{\"@type\":\"PropertyValueSpecification\",\"valueRequired\":true,\"valueName\":\"search_term_string\"}}],\"inLanguage\":\"es\"},{\"@type\":\"Organization\",\"@id\":\"https:\\\/\\\/impresionycopiado.com.uy\\\/compras\\\/#organization\",\"name\":\"Digital Marketing\",\"url\":\"https:\\\/\\\/impresionycopiado.com.uy\\\/compras\\\/\",\"logo\":{\"@type\":\"ImageObject\",\"inLanguage\":\"es\",\"@id\":\"https:\\\/\\\/impresionycopiado.com.uy\\\/compras\\\/#\\\/schema\\\/logo\\\/image\\\/\",\"url\":\"https:\\\/\\\/impresionycopiado.com.uy\\\/compras\\\/wp-content\\\/uploads\\\/2017\\\/11\\\/logo-digital-marketing-dm-capascuadrado.png\",\"contentUrl\":\"https:\\\/\\\/impresionycopiado.com.uy\\\/compras\\\/wp-content\\\/uploads\\\/2017\\\/11\\\/logo-digital-marketing-dm-capascuadrado.png\",\"width\":800,\"height\":800,\"caption\":\"Digital Marketing\"},\"image\":{\"@id\":\"https:\\\/\\\/impresionycopiado.com.uy\\\/compras\\\/#\\\/schema\\\/logo\\\/image\\\/\"},\"sameAs\":[\"https:\\\/\\\/www.facebook.com\\\/estampadouy\\\/\",\"https:\\\/\\\/x.com\\\/estampadoUY\",\"https:\\\/\\\/www.instagram.com\\\/impresionycopiado\\\/\"]}]}<\/script>\n<!-- \/ Yoast SEO plugin. -->","yoast_head_json":{"title":"Remeras para el d\u00eda del padre soy tu padre soy tu hijo - Impresi\u00f3n y Copiado","description":"El color de remera que desees incluye la remera del padre y ni\u00f1o o ni\u00f1a. compra ahora! env\u00edos por Agencia a todo el pa\u00eds.","robots":{"index":"noindex","follow":"follow","max-snippet":"max-snippet:-1","max-image-preview":"max-image-preview:large","max-video-preview":"max-video-preview:-1"},"og_locale":"es_ES","og_type":"article","og_title":"Remeras para el d\u00eda del padre soy tu padre soy tu hijo - Impresi\u00f3n y Copiado","og_description":"El color de remera que desees incluye la remera del padre y ni\u00f1o o ni\u00f1a. compra ahora! env\u00edos por Agencia a todo el pa\u00eds.","og_url":"https:\/\/impresionycopiado.com.uy\/compras\/producto\/remeras-para-el-dia-del-padre-soy-tu-padre-soy-tu-hijo\/","og_site_name":"Impresi\u00f3n y Copiado","article_publisher":"https:\/\/www.facebook.com\/estampadouy\/","article_modified_time":"2020-06-23T13:23:51+00:00","og_image":[{"width":1200,"height":800,"url":"https:\/\/impresionycopiado.com.uy\/compras\/wp-content\/uploads\/soy-tu-hijo-soy-tu-padre-star-wars-1200x800.png","type":"image\/png"}],"twitter_card":"summary_large_image","twitter_site":"@estampadoUY","schema":{"@context":"https:\/\/schema.org","@graph":[{"@type":"WebPage","@id":"https:\/\/impresionycopiado.com.uy\/compras\/producto\/remeras-para-el-dia-del-padre-soy-tu-padre-soy-tu-hijo\/","url":"https:\/\/impresionycopiado.com.uy\/compras\/producto\/remeras-para-el-dia-del-padre-soy-tu-padre-soy-tu-hijo\/","name":"Remeras para el d\u00eda del padre soy tu padre soy tu hijo - Impresi\u00f3n y Copiado","isPartOf":{"@id":"https:\/\/impresionycopiado.com.uy\/compras\/#website"},"primaryImageOfPage":{"@id":"https:\/\/impresionycopiado.com.uy\/compras\/producto\/remeras-para-el-dia-del-padre-soy-tu-padre-soy-tu-hijo\/#primaryimage"},"image":{"@id":"https:\/\/impresionycopiado.com.uy\/compras\/producto\/remeras-para-el-dia-del-padre-soy-tu-padre-soy-tu-hijo\/#primaryimage"},"thumbnailUrl":"https:\/\/i0.wp.com\/impresionycopiado.com.uy\/compras\/wp-content\/uploads\/soy-tu-hijo-soy-tu-padre-star-wars.png?fit=1920%2C1280&ssl=1","datePublished":"2020-06-23T13:20:06+00:00","dateModified":"2020-06-23T13:23:51+00:00","description":"El color de remera que desees incluye la remera del padre y ni\u00f1o o ni\u00f1a. compra ahora! env\u00edos por Agencia a todo el pa\u00eds.","breadcrumb":{"@id":"https:\/\/impresionycopiado.com.uy\/compras\/producto\/remeras-para-el-dia-del-padre-soy-tu-padre-soy-tu-hijo\/#breadcrumb"},"inLanguage":"es","potentialAction":[{"@type":"ReadAction","target":["https:\/\/impresionycopiado.com.uy\/compras\/producto\/remeras-para-el-dia-del-padre-soy-tu-padre-soy-tu-hijo\/"]}]},{"@type":"ImageObject","inLanguage":"es","@id":"https:\/\/impresionycopiado.com.uy\/compras\/producto\/remeras-para-el-dia-del-padre-soy-tu-padre-soy-tu-hijo\/#primaryimage","url":"https:\/\/i0.wp.com\/impresionycopiado.com.uy\/compras\/wp-content\/uploads\/soy-tu-hijo-soy-tu-padre-star-wars.png?fit=1920%2C1280&ssl=1","contentUrl":"https:\/\/i0.wp.com\/impresionycopiado.com.uy\/compras\/wp-content\/uploads\/soy-tu-hijo-soy-tu-padre-star-wars.png?fit=1920%2C1280&ssl=1","width":1920,"height":1280,"caption":"soy tu hijo soy tu padre star wars"},{"@type":"BreadcrumbList","@id":"https:\/\/impresionycopiado.com.uy\/compras\/producto\/remeras-para-el-dia-del-padre-soy-tu-padre-soy-tu-hijo\/#breadcrumb","itemListElement":[{"@type":"ListItem","position":1,"name":"Portada","item":"https:\/\/impresionycopiado.com.uy\/compras\/"},{"@type":"ListItem","position":2,"name":"Bienvenido","item":"https:\/\/impresionycopiado.com.uy\/compras\/"},{"@type":"ListItem","position":3,"name":"Remeras para el d\u00eda del padre soy tu padre soy tu hijo"}]},{"@type":"WebSite","@id":"https:\/\/impresionycopiado.com.uy\/compras\/#website","url":"https:\/\/impresionycopiado.com.uy\/compras\/","name":"Impresi\u00f3n y Copiado","description":"Productos personalizados en Uruguay","publisher":{"@id":"https:\/\/impresionycopiado.com.uy\/compras\/#organization"},"potentialAction":[{"@type":"SearchAction","target":{"@type":"EntryPoint","urlTemplate":"https:\/\/impresionycopiado.com.uy\/compras\/?s={search_term_string}"},"query-input":{"@type":"PropertyValueSpecification","valueRequired":true,"valueName":"search_term_string"}}],"inLanguage":"es"},{"@type":"Organization","@id":"https:\/\/impresionycopiado.com.uy\/compras\/#organization","name":"Digital Marketing","url":"https:\/\/impresionycopiado.com.uy\/compras\/","logo":{"@type":"ImageObject","inLanguage":"es","@id":"https:\/\/impresionycopiado.com.uy\/compras\/#\/schema\/logo\/image\/","url":"https:\/\/impresionycopiado.com.uy\/compras\/wp-content\/uploads\/2017\/11\/logo-digital-marketing-dm-capascuadrado.png","contentUrl":"https:\/\/impresionycopiado.com.uy\/compras\/wp-content\/uploads\/2017\/11\/logo-digital-marketing-dm-capascuadrado.png","width":800,"height":800,"caption":"Digital Marketing"},"image":{"@id":"https:\/\/impresionycopiado.com.uy\/compras\/#\/schema\/logo\/image\/"},"sameAs":["https:\/\/www.facebook.com\/estampadouy\/","https:\/\/x.com\/estampadoUY","https:\/\/www.instagram.com\/impresionycopiado\/"]}]}},"jetpack_publicize_connections":[],"jetpack-related-posts":[{"id":10540,"url":"https:\/\/impresionycopiado.com.uy\/compras\/producto\/remeras-ctrlc-ctrl-v-para-el-dia-del-padre\/","url_meta":{"origin":10542,"position":0},"title":"Remeras Ctrl+C Ctrl + V para el d\u00eda del padre","author":"guia","date":"22 junio, 2020","format":false,"excerpt":"Promoci\u00f3n las 2 remeras!! El color de remera que desees incluye la remera del padre y ni\u00f1o o ni\u00f1a. \u00a0","rel":"","context":"Entrada similar","block_context":{"text":"Entrada similar","link":""},"img":{"alt_text":"dia del padre ctrl c ctrl v","src":"https:\/\/i0.wp.com\/impresionycopiado.com.uy\/compras\/wp-content\/uploads\/dia-del-padre-ctrl-c-ctrl-v.png?fit=1200%2C800&ssl=1&resize=350%2C200","width":350,"height":200,"srcset":"https:\/\/i0.wp.com\/impresionycopiado.com.uy\/compras\/wp-content\/uploads\/dia-del-padre-ctrl-c-ctrl-v.png?fit=1200%2C800&ssl=1&resize=350%2C200 1x, https:\/\/i0.wp.com\/impresionycopiado.com.uy\/compras\/wp-content\/uploads\/dia-del-padre-ctrl-c-ctrl-v.png?fit=1200%2C800&ssl=1&resize=525%2C300 1.5x, https:\/\/i0.wp.com\/impresionycopiado.com.uy\/compras\/wp-content\/uploads\/dia-del-padre-ctrl-c-ctrl-v.png?fit=1200%2C800&ssl=1&resize=700%2C400 2x, https:\/\/i0.wp.com\/impresionycopiado.com.uy\/compras\/wp-content\/uploads\/dia-del-padre-ctrl-c-ctrl-v.png?fit=1200%2C800&ssl=1&resize=1050%2C600 3x"},"classes":[]},{"id":11186,"url":"https:\/\/impresionycopiado.com.uy\/compras\/producto\/remeras-futura-mama-y-futuro-papa\/","url_meta":{"origin":10542,"position":1},"title":"Remeras Futura mam\u00e1 y futuro pap\u00e1","author":"guia","date":"24 junio, 2022","format":false,"excerpt":"Remera dry cool blanca con impresi\u00f3n sublimada. Consulte por otras opciones.","rel":"","context":"Entrada similar","block_context":{"text":"Entrada similar","link":""},"img":{"alt_text":"Remeras Futura mam\u00e1 y futuro pap\u00e1","src":"https:\/\/i0.wp.com\/impresionycopiado.com.uy\/compras\/wp-content\/uploads\/futuro-papa-futura-mama.png?fit=800%2C1200&ssl=1&resize=350%2C200","width":350,"height":200,"srcset":"https:\/\/i0.wp.com\/impresionycopiado.com.uy\/compras\/wp-content\/uploads\/futuro-papa-futura-mama.png?fit=800%2C1200&ssl=1&resize=350%2C200 1x, https:\/\/i0.wp.com\/impresionycopiado.com.uy\/compras\/wp-content\/uploads\/futuro-papa-futura-mama.png?fit=800%2C1200&ssl=1&resize=525%2C300 1.5x, https:\/\/i0.wp.com\/impresionycopiado.com.uy\/compras\/wp-content\/uploads\/futuro-papa-futura-mama.png?fit=800%2C1200&ssl=1&resize=700%2C400 2x"},"classes":[]},{"id":11190,"url":"https:\/\/impresionycopiado.com.uy\/compras\/producto\/remera-personalizada-de-padel-o-deporte\/","url_meta":{"origin":10542,"position":2},"title":"Remera personalizada de Padel o deporte","author":"guia","date":"5 julio, 2022","format":false,"excerpt":"Remera de algod\u00f3n estampada en vinilo textil varios colores","rel":"","context":"Entrada similar","block_context":{"text":"Entrada similar","link":""},"img":{"alt_text":"","src":"https:\/\/i0.wp.com\/impresionycopiado.com.uy\/compras\/wp-content\/uploads\/padel.png?fit=800%2C1200&ssl=1&resize=350%2C200","width":350,"height":200,"srcset":"https:\/\/i0.wp.com\/impresionycopiado.com.uy\/compras\/wp-content\/uploads\/padel.png?fit=800%2C1200&ssl=1&resize=350%2C200 1x, https:\/\/i0.wp.com\/impresionycopiado.com.uy\/compras\/wp-content\/uploads\/padel.png?fit=800%2C1200&ssl=1&resize=525%2C300 1.5x, https:\/\/i0.wp.com\/impresionycopiado.com.uy\/compras\/wp-content\/uploads\/padel.png?fit=800%2C1200&ssl=1&resize=700%2C400 2x"},"classes":[]},{"id":730,"url":"https:\/\/impresionycopiado.com.uy\/compras\/producto\/te-quiero-pero-soy-un-bardo-remera\/","url_meta":{"origin":10542,"position":3},"title":"Te quiero pero soy un bardo remera","author":"guia","date":"21 enero, 2019","format":false,"excerpt":"Remera de algod\u00f3n con vinilo #tequieroperosoyunbardo","rel":"","context":"Entrada similar","block_context":{"text":"Entrada similar","link":""},"img":{"alt_text":"Te quiero pero soy un bardo","src":"https:\/\/i0.wp.com\/impresionycopiado.com.uy\/compras\/wp-content\/uploads\/bardo-remera.jpg?fit=1190%2C1200&ssl=1&resize=350%2C200","width":350,"height":200,"srcset":"https:\/\/i0.wp.com\/impresionycopiado.com.uy\/compras\/wp-content\/uploads\/bardo-remera.jpg?fit=1190%2C1200&ssl=1&resize=350%2C200 1x, https:\/\/i0.wp.com\/impresionycopiado.com.uy\/compras\/wp-content\/uploads\/bardo-remera.jpg?fit=1190%2C1200&ssl=1&resize=525%2C300 1.5x, https:\/\/i0.wp.com\/impresionycopiado.com.uy\/compras\/wp-content\/uploads\/bardo-remera.jpg?fit=1190%2C1200&ssl=1&resize=700%2C400 2x, https:\/\/i0.wp.com\/impresionycopiado.com.uy\/compras\/wp-content\/uploads\/bardo-remera.jpg?fit=1190%2C1200&ssl=1&resize=1050%2C600 3x"},"classes":[]},{"id":569,"url":"https:\/\/impresionycopiado.com.uy\/compras\/producto\/remera-personalizada-abel-pintos\/","url_meta":{"origin":10542,"position":4},"title":"Remera Personalizada Abel Pintos","author":"guia","date":"11 septiembre, 2018","format":false,"excerpt":"Remera Personalizada Abel Pintos Remera personalizada con el artista que tu quieras Talles del S al XXL","rel":"","context":"Entrada similar","block_context":{"text":"Entrada similar","link":""},"img":{"alt_text":"","src":"https:\/\/i0.wp.com\/impresionycopiado.com.uy\/compras\/wp-content\/uploads\/2018\/09\/abel-pintos-uruguay.jpg?fit=1190%2C1200&ssl=1&resize=350%2C200","width":350,"height":200,"srcset":"https:\/\/i0.wp.com\/impresionycopiado.com.uy\/compras\/wp-content\/uploads\/2018\/09\/abel-pintos-uruguay.jpg?fit=1190%2C1200&ssl=1&resize=350%2C200 1x, https:\/\/i0.wp.com\/impresionycopiado.com.uy\/compras\/wp-content\/uploads\/2018\/09\/abel-pintos-uruguay.jpg?fit=1190%2C1200&ssl=1&resize=525%2C300 1.5x, https:\/\/i0.wp.com\/impresionycopiado.com.uy\/compras\/wp-content\/uploads\/2018\/09\/abel-pintos-uruguay.jpg?fit=1190%2C1200&ssl=1&resize=700%2C400 2x, https:\/\/i0.wp.com\/impresionycopiado.com.uy\/compras\/wp-content\/uploads\/2018\/09\/abel-pintos-uruguay.jpg?fit=1190%2C1200&ssl=1&resize=1050%2C600 3x"},"classes":[]},{"id":394,"url":"https:\/\/impresionycopiado.com.uy\/compras\/producto\/remera-estampada-stranger-things-2\/","url_meta":{"origin":10542,"position":5},"title":"Remera estampada de Stranger Things 2","author":"guia","date":"15 noviembre, 2017","format":false,"excerpt":"Remera estampada de Stranger Things 2 con el color que tu quieras","rel":"","context":"Entrada similar","block_context":{"text":"Entrada similar","link":""},"img":{"alt_text":"Remera Stranger Things 2","src":"https:\/\/i0.wp.com\/impresionycopiado.com.uy\/compras\/wp-content\/uploads\/2017\/11\/20171114_231830-scaled.jpg?fit=900%2C1200&ssl=1&resize=350%2C200","width":350,"height":200,"srcset":"https:\/\/i0.wp.com\/impresionycopiado.com.uy\/compras\/wp-content\/uploads\/2017\/11\/20171114_231830-scaled.jpg?fit=900%2C1200&ssl=1&resize=350%2C200 1x, https:\/\/i0.wp.com\/impresionycopiado.com.uy\/compras\/wp-content\/uploads\/2017\/11\/20171114_231830-scaled.jpg?fit=900%2C1200&ssl=1&resize=525%2C300 1.5x, https:\/\/i0.wp.com\/impresionycopiado.com.uy\/compras\/wp-content\/uploads\/2017\/11\/20171114_231830-scaled.jpg?fit=900%2C1200&ssl=1&resize=700%2C400 2x"},"classes":[]}],"jetpack_sharing_enabled":true,"_links":{"self":[{"href":"https:\/\/impresionycopiado.com.uy\/compras\/wp-json\/wp\/v2\/product\/10542","targetHints":{"allow":["GET"]}}],"collection":[{"href":"https:\/\/impresionycopiado.com.uy\/compras\/wp-json\/wp\/v2\/product"}],"about":[{"href":"https:\/\/impresionycopiado.com.uy\/compras\/wp-json\/wp\/v2\/types\/product"}],"wp:featuredmedia":[{"embeddable":true,"href":"https:\/\/impresionycopiado.com.uy\/compras\/wp-json\/wp\/v2\/media\/10543"}],"wp:attachment":[{"href":"https:\/\/impresionycopiado.com.uy\/compras\/wp-json\/wp\/v2\/media?parent=10542"}],"wp:term":[{"taxonomy":"product_brand","embeddable":true,"href":"https:\/\/impresionycopiado.com.uy\/compras\/wp-json\/wp\/v2\/product_brand?post=10542"},{"taxonomy":"product_cat","embeddable":true,"href":"https:\/\/impresionycopiado.com.uy\/compras\/wp-json\/wp\/v2\/product_cat?post=10542"},{"taxonomy":"product_tag","embeddable":true,"href":"https:\/\/impresionycopiado.com.uy\/compras\/wp-json\/wp\/v2\/product_tag?post=10542"}],"curies":[{"name":"wp","href":"https:\/\/api.w.org\/{rel}","templated":true}]}}